e prime factors of 9614606.
2, 4807303
What are the prime factors of 423531?
3, 47059
What are the prime factors of 1327572?
2, 3, 36877
List the prime factors of 1089188.
2, 23, 11839
List the prime factors of 2774873.
2774873
What are the prime factors of 330105?
3, 5, 59, 373
List the prime factors of 6323726.
2, 607, 5209
List the prime factors of 740626.
2, 47, 7879
What are the prime factors of 46279?
46279
What are the prime factors of 935861?
935861
List the prime factors of 6656699.
7, 135851
What are the prime factors of 3646105?
5, 751, 971
List the prime factors of 1537105.
5, 173, 1777
What are the prime factors of 6003236?
2, 787, 1907
What are the prime factors of 32985037?
349, 94513
What are the prime factors of 23429867?
1019, 22993
List the prime factors of 17522893.
17522893
What are the prime factors of 279928?
2, 11, 3181
What are the prime factors of 887963?
37, 103, 233
List the prime factors of 664675.
5, 11, 2417
What are the prime factors of 116656?
2, 23, 317
What are the prime factors of 253656?
2, 3, 13, 271
List the prime factors of 4027529.
11, 366139
List the prime factors of 476901.
3, 17, 1039
List the prime factors of 2535648.
2, 3, 61, 433
What are the prime factors of 1948023?
3, 7, 11, 937
List the prime factors of 2209565.
5, 441913
What are the prime factors of 13063583?
13, 19, 52889
List the prime factors of 125185.
5, 25037
List the prime factors of 2283596.
2, 7, 61, 191
List the prime factors of 20048954.
2, 10024477
What are the prime factors of 11090476?
2, 457, 6067
List the prime factors of 4567062.
2, 3, 761177
What are the prime factors of 112890?
2, 3, 5, 53, 71
List the prime factors of 211338.
2, 3, 59, 199
What are the prime factors of 339401?
37, 9173
List the prime factors of 1244823.
3, 19, 21839
List the prime factors of 127853.
11, 59, 197
What are the prime factors of 524694?
2, 3, 157, 557
List the prime factors of 818383.
818383
What are the prime factors of 1433906?
2, 716953
What are the prime factors of 4878556?
2, 1219639
List the prime factors of 189013.
11, 17183
What are the prime factors of 16234480?
2, 5, 202931
What are the prime factors of 6242234?
2, 53, 58889
List the prime factors of 5725468.
2, 7, 204481
What are the prime factors of 328891?
328891
List the prime factors of 7520306.
2, 1693, 2221
What are the prime factors of 10439830?
2, 5, 41, 25463
What are the prime factors of 342127?
359, 953
List the prime factors of 3228129.
3, 358681
List the prime factors of 637353.
3, 23, 3079
List the prime factors of 145925.
5, 13, 449
What are the prime factors of 8198655?
3, 5, 619, 883
What are the prime factors of 690055?
5, 29, 4759
What are the prime factors of 23559213?
3, 7853071
What are the prime factors of 9920766?
2, 3, 907, 1823
What are the prime factors of 496211?
496211
List the prime factors of 270124.
2, 67531
List the prime factors of 2582083.
7, 31, 73, 163
List the prime factors of 467274.
2, 3, 47, 1657
What are the prime factors of 737962?
2, 197, 1873
List the prime factors of 4099731.
3, 1366577
List the prime factors of 2608285.
5, 521657
List the prime factors of 416919.
3, 31, 4483
What are the prime factors of 242696?
2, 23, 1319
List the prime factors of 66947.
66947
What are the prime factors of 114994?
2, 11, 5227
What are the prime factors of 1731765?
3, 5, 7, 16493
What are the prime factors of 8076976?
2, 19, 163
What are the prime factors of 170355?
3, 5, 41, 277
What are the prime factors of 22397964?
2, 3, 173, 10789
List the prime factors of 38322.
2, 3, 2129
List the prime factors of 2770192.
2, 173137
List the prime factors of 1345578.
2, 3, 13, 1327
List the prime factors of 2474285.
5, 11, 44987
List the prime factors of 2936654.
2, 7, 47, 4463
List the prime factors of 7567739.
41, 131, 1409
What are the prime factors of 6096400?
2, 5, 15241
What are the prime factors of 759732?
2, 3, 63311
List the prime factors of 225063.
3, 17, 1471
What are the prime factors of 215325?
3, 5, 11, 29
What are the prime factors of 3425010?
2, 3, 5, 114167
List the prime factors of 1792816.
2, 89, 1259
List the prime factors of 824613.
3, 274871
List the prime factors of 1751889.
3, 41, 14243
What are the prime factors of 344206?
2, 59, 2917
List the prime factors of 1407486.
2, 3, 29, 8089
What are the prime factors of 3235539?
3, 37, 103, 283
What are the prime factors of 1961124?
2, 3, 11, 83, 179
List the prime factors of 864786.
2, 3, 13, 11087
What are the prime factors of 76435?
5, 15287
List the prime factors of 14611477.
103, 127, 1117
List the prime factors of 334213.
11, 23, 1321
List the prime factors of 7051778.
2, 3525889
List the prime factors of 1380773.
43, 163, 197
List the prime factors of 14840975.
5, 41, 14479
List the prime factors of 6293131.
13, 41, 11807
What are the prime factors of 730614?
2, 3, 263, 463
What are the prime factors of 5901455?
5, 7, 23, 7331
What are the prime factors of 23180835?
3, 5, 1545389
What are the prime factors of 1531821?
3, 67, 7621
List the prime factors of 11122.
2, 67, 83
What are the prime factors of 6636459?
3, 2212153
What are the prime factors of 3789748?
2, 193, 4909
What are the prime factors of 241132?
2, 23, 2621
List the prime factors of 2318086.
2, 17, 29, 2351
List the prime factors of 1200923.
73, 16451
List the prime factors of 53545.
5, 10709
What are the prime factors of 418578?
2, 3, 69763
What are the prime factors of 2481823?
2481823
What are the prime factors of 161173?
53, 3041
What are the prime factors of 15359859?
3, 1706651
What are the prime factors of 973588?
2, 7, 11, 29, 109
List the prime factors of 970637.
139, 6983
What are the prime factors of 1119568?
2, 167, 419
What are the prime factors of 25448863?
11, 29, 79777
What are the prime factors of 760383?
3, 13, 67, 97
List the prime factors of 431861.
31, 13931
What are the prime factors of 1654221?
3, 551407
List the prime factors of 12891617.
2411, 5347
What are the prime factors of 675988?
2, 17, 9941
What are the prime factors of 8071521?
3, 2690507
What are the prime factors of 4305434?
2, 7, 43933
List the prime factors of 263598.
2, 3, 43933
List the prime factors of 798835.
5, 197, 811
List the prime factors of 7959698.
2, 3979849
What are the prime factors of 8616498?
2, 3, 11, 130553
What are the prime factors of 35327?
35327
What are the prime factors of 16018849?
7, 11, 208037
What are the prime factors of 252305?
5, 50461
What are the prime factors of 17210054?
2, 53, 162359
What are the prime factors of 546040?
2, 5, 11, 17, 73
List the prime factors of 5956926.
2, 3, 37, 26833
List the prime factors of 530158.
2, 265079
What are the prime factors of 269104?
2, 11, 139
What are the prime factors of 112604?
2, 28151
List the prime factors of 882230.
2, 5, 88223
What are the prime factors of 10211489?
283, 36083
What are the prime factors of 163518?
2, 3, 27253
List the prime factors of 25776132.
2, 3, 2148011
List the prime factors of 5194529.
43, 107, 1129
What are the prime factors of 4478554?
2, 37, 60521
What are the prime factors of 129784?
2, 16223
What are the prime factors of 488272?
2, 30517
List the prime factors of 229984.
2, 7187
List the prime factors of 2594772.
2, 3, 72077
List the prime factors of 2478.
2, 3, 7, 59
What are the prime factors of 302483?
302483
List the prime factors of 6972641.
13, 536357
What are the prime factors of 16401398?
2, 13, 630823
List the prime factors of 331242.
2, 3, 55207
What are the prime factors of 199032?
2, 3, 8293
List the prime factors of 4155189.
3, 97, 109, 131
What are the prime factors of 558802?
2, 271, 1031
List the prime factors of 214880.
2, 5, 17, 79
List the prime factors of 23578762.
2, 17, 693493
What are the prime factors of 870233?
7, 13, 73, 131
List the prime factors of 1299959.
151, 8609
What are the prime factors of 801888?
2, 3, 8353
List the prime factors of 21331161.
3, 790043
List the prime factors of 235631.
11, 31, 691
What are the prime factors of 3520034?
2, 7, 251431
What are the prime factors of 6056072?
2, 11, 68819
List the prime factors of 6503.
7, 929
List the prime factors of 2957088.
2, 3, 30803
What are the prime factors of 3407051?
3407051
List the prime factors of 170902.
2, 85451
List the prime fac